be (6/4)/(5/20). Let y(v) = -v**3 + 1. Let n(r) = -r**3. Let j(a) = 7*a**2 - 5*a - 4. Let s(q) = j(q) + 2*n(q). Let h(b) = -s(b) + y(b). What is h(d)?
-1
Let c = 397 - 390. Let a(v) = v**2 - 9*v - 1. What is a(c)?
-15
Let u(g) = -4*g - 2. Suppose 0 = -38*b + 9*b. What is u(b)?
-2
Let x(r) = 7*r - 54. Let l(v) = v - 8. Let q(i) = -30*l(i) + 5*x(i). Determine q(9).
15
Let k(s) = 1 - s - 1. Suppose 4*z - 5*c + c - 20 = 0, 0 = -4*z + 3*c + 24. Suppose z*a + 23 = -22. Calculate k(a).
5
Let o be (-3)/6 - (-207)/18. Let u(w) = 2*w + 4*w + o*w**2 - 17*w + w - w**3 + 1. Calculate u(10).
1
Let v be -2*30/(-4)*1/(-5). Let f(i) = -i - 4. Give f(v).
-1
Let p(q) = -q**3 + 3*q**2 + 4*q. Let g(h) be the second derivative of h**3/6 - 4*h**2 - 3*h. Let i be g(-7). Let k = -11 - i. Calculate p(k).
0
Suppose 0 = 4*w + 2*a - 12, 0 = 5*w + a - 3*a - 33. Suppose 4 + 4 = 4*n. Let r(x) = -8*x - 6 + x**n + 3*x + 2. Calculate r(w).
-4
Let x(d) = 8*d - 69. Let i be x(8). Let g(y) = y**3 + 5*y**2 - 7. Give g(i).
-7
Let s = -43 + 48. Let x = -1 + -1. Let d = s + x. Let g(z) = -3*z. Determine g(d).
-9
Let z(i) = i + 4. Let v(u) = -u**2 - 38*u + 78. Let s be v(-40). What is z(s)?
2
Let l(p) = 39 - 32*p**2 + p - 35 + 31*p**2. Let y(s) be the first derivative of s**4/4 + 4*s**3/3 + s**2/2 + 4*s - 8. Let i be y(-4). What is l(i)?
4
Let i(t) = 2*t - 5. Let o(s) be the third derivative of -1/12*s**5 + 1/120*s**6 + 0*s - 1/6*s**3 + 0 - 5/24*s**4 - 7*s**2. Let d be o(6). Give i(d).
5
Let d(k) = 10 - 6*k - k**2 + 2*k**2 + 0*k**2. Let m be d(4). Suppose -4*h + h + 5*c = 16, -m*h + 5*c - 14 = 0. Let u(a) = 2*a**2 - a - 2. Determine u(h).
8
Let o(k) = -20*k + 17. Let h(z) = -7*z + 6. Let l(g) = -11*h(g) + 4*o(g). Let f(u) be the first derivative of -3*u**2/2 + u + 8. Let s be f(1). Calculate l(s).
8
Let v(c) = -c**3 - 5*c**2 - 1. Suppose 4*q - 5*l - 5 = 0, 4*l + 17 + 8 = -q. Give v(q).
-1
Let p(x) = x**3 - 4*x**2 - 8*x + 7. Let o be p(5). Let f be -2 + 0*(-4)/o. Let k be ((-15)/(-6))/(f/(-4)). Let q(c) = c**2 - 3*c - 5. Calculate q(k).
5
Let j be 2/(-2) + 1 + 1. Suppose 9*d = 16 + 2. Let h(l) = 1 - 901*l**2 - 1 + 893*l**d. What is h(j)?
-8
Let d(r) = r**2 + 11*r + 2. Suppose 10 = -2*v, 9*o - 5*o = -2*v + 22. Suppose -o*n + 18 = -2*x - 9*n, 3*x + 40 = 5*n. Calculate d(x).
-8
Let m(w) = 2 + 18*w - 66*w + 25*w + 27*w. Calculate m(6).
26
Let c(o) = -3*o - 1. Let t(h) = 18*h - 2. Let m(a) = 5*c(a) + t(a). Determine m(9).
20
Let d(g) be the second derivative of 2*g**3/3 - 119*g. Let q be 5/(-3) + 1/(-3). What is d(q)?
-8
Let n(c) = -2*c - 6. Let t(b) = 1 - 3*b - 7 - 2 + 1. Let v(o) = -4*n(o) + 3*t(o). Suppose -44 + 8 = 6*p. What is v(p)?
9
Let n(y) = 2*y**3 - 2*y**2 - 3*y + 2. Suppose 2*r = 3*r + 2*m + 32, 113 = -4*r - 5*m. Let o = r + 24. What is n(o)?
4
Let y be 4 - ((-4)/22)/((-16)/88). Let m(z) = -z + 9. Give m(y).
6
Suppose 65*n - 245 - 80 = 0. Let v(i) = -i**2 + 5*i. Determine v(n).
0
Let k(o) = -o**2 + 3*o + 1. Let v(b) = -7*b**2 + 10*b + 32. Let j(u) = 6*k(u) - v(u). What is j(-11)?
7
Let i(n) = n**3 + 5*n**2 + 2*n - 2. Suppose 0 = 3*w - 3726 + 3741. What is i(w)?
-12
Let q(c) = c**2 + 6*c - 1. Let s be (12/(-8))/((-1)/2). Let u be q(s). Suppose u = 4*l + 2. Let y(d) = -d**2 + 4*d + 3. Calculate y(l).
-9
Let u(h) = -5*h**2 - h**3 + 17 + 1215*h + 1217*h - 2426*h. Give u(-5).
-13
Let h(j) = 5*j + 5. Let m(k) = -1. Let q be 7*-2*(-3)/21. Let t(y) = q*m(y) + h(y). Give t(-2).
-7
Let g(z) = z**2 + 6*z + 6. Let b be g(-6). Suppose b*v = -0*v + 24. Let f(j) = -j**2 + 5*j - 4. Calculate f(v).
0
Let z(f) = 17*f + 1. Let i be (100/75)/(1/(-3)). Calculate z(i).
-67
Let g(c) be the third derivative of -c**9/60480 - c**8/5040 + 7*c**5/60 - 10*c**2. Let t(o) be the third derivative of g(o). Suppose 5*p - p = -16. Give t(p).
0
Let y(h) = -h**3 - 3*h**2 - 13*h + 1. Let m be y(-3). Suppose -3*v = -22 + m. Let n(q) = q**2 + 8*q + 6. Give n(v).
-6
Let f(z) = -2*z**3 - 5*z**2 - 3*z - 2. Suppose -11 + 6 = p + 2*u, 4*u = -4. Determine f(p).
16
Let y(d) = -5*d + 5. Let x(h) = h + 1. Let w(z) = -2*x(z) - y(z). Calculate w(3).
2
Let c = -24 - -28. Let n(v) = 11 - 3 - 1 - 3*v + c*v. Calculate n(0).
7
Let o(h) = -21*h - 18. Let n be o(4). Let j = -100 - n. Let x(v) = -15*v + 1. Calculate x(j).
-29
Suppose -3*s + 16 = -4*n, 0*n + 11 = 2*s - 3*n. Suppose -12 = -3*f - p, -4*p = -5*f + 7 - s. Let t(v) = -2 - 2 + 350*v + v**2 - 351*v. Give t(f).
2
Let j(d) = -7*d**3 + 14*d**2 - 4*d - 13. Let f(w) = -8*w**3 + 15*w**2 - 4*w - 14. Suppose 2*s - 5*s = -21. Let r(i) = s*j(i) - 6*f(i). Determine r(7).
14
Let l(s) = -2*s**2 - 54 - s + 54. Let t = 700 - 699. Calculate l(t).
-3
Let o(u) = -u**3 + 13*u**2 + 3*u + 3. Let k(t) = 3*t**3 - 27*t**2 - 7*t - 1. Let c(b) = -2*k(b) - 5*o(b). Suppose 4*l = 4*q - 35 - 13, -q + 1 = 0. Give c(l).
-2
Let k = -50 + 28. Let n(i) = -i - 27. Let z be n(k). Let j(v) = -v**2 - 3*v + 6. Give j(z).
-4
Suppose -40 = d - 9. Let v = -27 - d. Let c(t) = -2*t + 1. Give c(v).
-7
Let u = 26 - 21. Let b(w) = 2*w + w - u*w. Calculate b(-1).
2
Let r(q) = -3*q. Suppose 10*p - 19 + 29 = 0. Calculate r(p).
3
Suppose 3*j + 1 = -2*a + 9, -5*j = 5*a - 10. Let n(d) be the second derivative of d**3/6 - d**2/2 + d - 109. Give n(j).
3
Let t(i) = i + 2. Let r = -513 - -522. What is t(r)?
11
Let k(g) be the first derivative of -g**2/2 - 5*g - 52. What is k(-7)?
2
Let r(f) = -f**2 + 15*f - 21. Let t be r(13). Let p(y) = t - 2*y + 6*y - 3*y. Calculate p(-4).
1
Let n(s) = 5*s**2 + 8 + s**3 + 1 - 8*s**2 - 6*s**2. Let o be (-9)/2*2*-1. Determine n(o).
9
Let d(m) be the second derivative of m**8/2240 + m**6/720 + 3*m**4/4 + 10*m. Let t(v) be the third derivative of d(v). Determine t(1).
4
Let d(j) = 15 - 30*j**2 + j**3 + 47*j + 37*j**2 - 40*j. Calculate d(-6).
9
Suppose -3*s = -76 + 64. Let r(k) = k**3 - 6*k**2 + 8*k - 10. Calculate r(s).
-10
Let o(v) be the first derivative of -v**4/4 - 2*v**3 - 4*v**2 - 7*v + 1. Let x be (-328)/(-11) - 10/(-55). Suppose -x = 22*c - 16*c. Determine o(c).
8
Let j(a) be the third derivative of a**4/3 - 11*a**3/3 - 3*a**2. Let s be j(9). Suppose 5*t = 20 - s. Let x(o) = 2*o. Give x(t).
-12
Let t be ((-2)/(-4))/((-2)/24). Let o(a) be the first derivative of -5/3*a**3 + 0*a + 5/2*a**2 - 59 - 1/4*a**4. Determine o(t).
6
Suppose -5*o = 93 - 113. Let d(h) be the first derivative of -o*h - 5/3*h**3 - 6 + 1/4*h**4 - 5/2*h**2. Calculate d(6).
2
Let s(x) = -19*x - 2. Suppose 6*q - 8*q = -6. Let o(v) = 1. Let w(a) = q*o(a) + s(a). What is w(-1)?
20
Let g(a) = -a**3 - 6*a**2 - 4*a - 18. Let r be g(-6). Let u(t) = -t**2 + 5*t + 11. Calculate u(r).
5
Let q(v) be the first derivative of 5*v**2/2 - v - 31. Give q(3).
14
Suppose 4*f + 0 = 12. Let t(r) = r - 3. Let s be t(f). Let a(y) = -6*y**3 + 0*y**2 + s*y**3 + 0*y**2. Give a(-1).
6
Let c(p) = p**3 - 11*p**2 + 10*p. Let v(l) = 11*l**2 - 10*l - 11. Let a be v(-1). Determine c(a).
0
Let i(t) be the second derivative of t + 0 - 1/6*t**3 - 1/2*t**2 - 1/12*t**4. Let g(k) = -k**3 - 2*k - 3. Let d be g(-1). Determine i(d).
-1
Let n(i) = 2*i**2 + 1. Let m(d) = 11*d**2 + 6*d + 3. Let o(l) = -m(l) + 5*n(l). Give o(-5).
7
Let u = 21 + -19. Suppose u*t = -t + 6. Let v be (6 + -2)/(-3 + t). Let x(q) = -2*q - 2. What is x(v)?
6
Suppose 0 = 5*d - 10*d + 20. Let i = 344 - 333. Let w = i - d. Let s(f) = -2*f + 10. Calculate s(w).
-4
Let p(h) = -15*h - 7*h**2 - 7 + 19*h + 6 - h**3 + 0*h**3. Let i(f) = -4*f**3 - 22*f**2 + 12*f - 2. Let s(g) = 2*i(g) - 7*p(g). What is s(2)?
7
Let b(k) be the second derivative of -k**6/72 - k**5/120 - 3*k**4/4 - 18*k. Let g(y) be the third derivative of b(y). What is g(-1)?
9
Let p(d) = 5*d. Let k be p(1). Suppose 0*z + 5 = k*z. Let s be (-3 - -17)/((-2)/z). Let u(t) = -t - 4. Calculate u(s).
3
Let p(b) be the third derivative of -1/30*b**5 + 0 + 1/10*b**6 + 1/6*b**3 - 4*b**2 + 0*b + 0*b**4. Suppose -5*z = -4*z + 1. Calculate p(z).
-13
Let m(f) = -f**3 + 2*f**3 - 8*f + 5*f**2 + 5 + 2*f. Let v = 12756 - 12762. What is m(v)?
5
Let w be (1 + -1 + 1)*(-7)/(-7). Let p(j) = 0*j + w - j**2 - 7*j + 1 + 6*j. Give p(-2).
0
Let f(g) = 7*g + 44. Suppose 0 = 4*c + x - 0*x + 19, 4*c - 4*x + 44 = 0. Give f(c).
2
Let u(v) = -14*v - 53. Let b(k) = -5*k - 18. Let m(n) = -11*b(n) + 4*u(n). What is m(-7)?
-7
Let q be 60/(-40)*34/(-3). Let p(j) = -j**2 + 8*j*